k) = -72 + k - 2*k + w + 35. Give c(o).
-1
Suppose 7*y = 21*y - 1008. Let t = y - 70. Let v(i) = -2*i + 2. Calculate v(t).
-2
Let h(s) = 29*s - 7 + 22*s + 28*s + s**3 - 6*s**2 - 100*s + 24*s. Calculate h(5).
-17
Let l(o) = 5*o + 1. Let c be l(1). Let y(f) = -1 - 2 + f**2 + c*f**2 + 0 + f**3. Determine y(-7).
-3
Let d(h) = -h**3 - 4*h**2 - 5*h - 2. Let n be d(-3). Let x(w) = -2*w**2 - 10*w - 1. Let g(q) = q**2 + 2*q. Let f(r) = 3*g(r) + x(r). Determine f(n).
-1
Let f(i) = 32*i - 28*i - 11 + 20. Determine f(-5).
-11
Let w = 10 - 6. Let b(p) = 1535*p**2 - p - 767*p**2 - 767*p**2 - 2*p - 3. What is b(w)?
1
Let s(z) = 15*z + 9. Let c be s(8). Let y be (-12)/(-18)*c/2. Let w(r) = r**2 - 26*r - 22*r - 8 + y*r. Give w(6).
-2
Suppose -13 = 2*j - 27. Let z(s) = s**2 - 8*s - 7. What is z(j)?
-14
Let b = 607 - 620. Let w(t) = t + 30. What is w(b)?
17
Let z(k) = -9*k + 4*k**2 - 3*k**2 + 0*k**2 + 8. Let s(i) = 4*i - 7. Let u be s(4). Let r = -3 + u. Calculate z(r).
-10
Let d(o) = -o**3 + 5*o**2 - 6*o + 6. Let u be (-5 + 8)/(2 - 1). Give d(u).
6
Let y(j) = -3*j + 21. Let i(v) = 4*v - 28. Let r(f) = -2*i(f) - 3*y(f). Give r(11).
4
Let x = 1 + -9. Let w be x/36 + 330/27. Suppose -w = -c - c. Let u(n) = n**3 - 5*n**2 - 8*n + 8. What is u(c)?
-4
Let s(b) = 91*b**2 + 8 + b + b**3 + 85*b**2 + 4*b - 183*b**2. Calculate s(6).
2
Let j(s) be the second derivative of s**3/2 + 3*s**2/2 + 7809*s - 2. Let x(l) = -4*l. Let v be x(2). What is j(v)?
-21
Let o be (18/(-36))/(3*(-1)/(-24)). Let n(p) = -2*p - 6. Determine n(o).
2
Let f(t) = -2*t + 9. Let d(y) = -31*y + 1057. Let x be d(34). Determine f(x).
3
Let k(p) be the second derivative of p**5/20 - p**4/4 + p**3/3 - 2*p**2 - 53*p. What is k(3)?
2
Let z(w) = -w**2 - 23*w - 50. Let d(b) = b**3 - 6*b**2 - 15*b + 79. Let t be d(5). What is z(t)?
-8
Let b(x) = 1. Let w(j) = -7*j + 9*j - j - 1. Let i(q) = -q**2 - 3*q + 5. Let r be i(-4). Let d(c) = r*w(c) + 2*b(c). Determine d(5).
6
Suppose 0*f - 8*f = -776. Suppose 6*v = f + 23. Let x = v - 24. Let m(c) = c + 1. Give m(x).
-3
Let m = -2 - -3. Let c(v) = 3*v - 1. Let j be c(m). Let s(h) = 3*h - h**2 - h + 2 + 0*h**j - 3*h. Calculate s(-3).
-4
Let p(u) = 4*u - 2*u - 2*u + 10*u**2 + 9 + 5*u**3. Let c(a) = 3*a**3 + 5*a**2 + 5. Let i(o) = 7*c(o) - 4*p(o). Let w = 44 + -39. Calculate i(w).
-1
Let c(v) = -v - 6. Suppose -3*h = 4*o + 24, -o - 3*h - 6 = -7*h. Let w(u) = -u**2 - 8*u - 3. Let r be w(o). Suppose -r*t = -8*t - 5. Calculate c(t).
-11
Let k(z) = 2*z + 42. Let l(p) = -13*p + 124. Let o be l(11). Determine k(o).
4
Let j(a) be the third derivative of -a**6/120 + a**5/15 + 7*a**4/24 - 3*a**3/2 - 3*a**2 - 1. Let m be j(5). Let v(t) = 2*t. What is v(m)?
2
Let b(v) = -5*v**3 + v**2 - 4*v - 3. Let c = 1 + -6. Let s(l) = 6*l**3 - l**2 + 5*l + 4. Let t(f) = c*b(f) - 4*s(f). Suppose 0 = 3*q - 0 - 3. Determine t(q).
-1
Let w = -17 + 11. Let y(o) be the first derivative of 21*o**2/2 + 14*o - 15. Let f(u) = 4*u + 3. Let v(i) = 11*f(i) - 2*y(i). What is v(w)?
-7
Let d(f) be the second derivative of -f**3/6 + f**2/2 + 25*f - 1. Calculate d(7).
-6
Let z(t) = 13*t**2 - 84*t + 38. Let q be z(6). Let n(u) = -u + 2. What is n(q)?
0
Let z(y) = -y**3 - 2*y**2 + y - 4. Let k(m) = m**3 + 4*m**2 + m + 1. Let f be k(-4). Let x be z(f). Let n(l) = 0*l - x*l + l. Give n(-2).
2
Let a(v) be the third derivative of 1/120*v**6 + 1/20*v**5 + 0 + 1/12*v**4 + 0*v - 33*v**2 + v**3. Give a(-4).
-18
Let f(b) = b**2 + 10*b + 12. Let i be f(-9). Let t be (-12*i/(-6))/2. Let l(z) = z - 279 + 279. Calculate l(t).
3
Suppose 2*q - 54 = -25*q. Let c(v) be the third derivative of -4*v**q + v**3 + 0*v + 0 - 1/24*v**4. What is c(7)?
-1
Let w(s) = s**3 + 6*s**2 + 7*s. Let b be w(-5). Let g = b + 7. Let f(l) = -2*l - 4. What is f(g)?
2
Suppose -4*g - 33 = -5*g. Let n = g + -28. Let l(q) = q**3 - 4*q**2 - 5*q + 1. What is l(n)?
1
Let r(i) = -i**2 - 57*i - 6. Let g be r(-57). Let x(z) = z**2 + 13*z + 48. Calculate x(g).
6
Let b(r) = 6*r + 6. Let j be 5*(-1 - -2 - 2). Let a(l) = 5*l + 5. Let c(o) = j*a(o) + 4*b(o). Let y = -2 + -3. Determine c(y).
4
Let u(c) be the first derivative of -c**3/3 + 3*c**2 + 21*c - 318. Calculate u(9).
-6
Let z(b) = b**2 - 2*b - 3. Let i(d) = -3*d**2 - 11*d - 7. Let k be i(-4). Let n be -1*(-18 + 3) + 0. Let w = k + n. Give z(w).
5
Let r be (7 - (3 - 5) - 6) + -9. Let h(j) = -3*j + 9. What is h(r)?
27
Let n(b) = -20*b - 9. Let i(l) = -9*l - 1. Let r(p) = -10*p. Let f(z) = 3*i(z) - 2*r(z). Let t(x) = 17*f(x) - 6*n(x). Give t(-5).
-2
Let y(j) = -j**3 - 16*j**2 - j - 14. Let x be y(-16). Let l = x + 2. Let h be (2/(-4))/(l/8). Let v(m) = -3*m. Calculate v(h).
3
Let r(c) = 12*c + 10. Let z be r(-4). Let d = -42 - z. Let j(y) be the first derivative of y**4/4 + y**3 - 3*y**2/2 + 3*y - 2. Determine j(d).
-1
Suppose 5*p = 312 - 37. Let k(n) = -60*n - 4*n**2 + p*n + 1 + 3*n**2. Suppose 3*h = -3*y - 18, 4*y = -y - 10. What is k(h)?
5
Suppose 8*v = -10*v + v. Let h(y) = -238 - y + v*y + 238. What is h(-8)?
8
Suppose 2*b + 2*w + w + 8 = 0, 0 = -3*b - 4*w - 13. Let z(d) = -d - 7. Let p be z(b). Let x(j) = -j**3 + j + 8. Determine x(p).
8
Let w(h) = -893*h**2 + 4*h - 2*h**3 + 446*h**2 + 6*h**3 + 2 + 451*h**2. Give w(-2).
-22
Let z(b) be the third derivative of -b**8/20160 + b**7/5040 + b**6/720 - 7*b**5/60 - 7*b**2. Let f(t) be the third derivative of z(t). Calculate f(-2).
-5
Let c(y) = -901 - 900 - 3*y + 2705 - 900. Give c(-2).
10
Let o(w) = -w**3 + w**2. Let m be o(-1). Suppose 0*a = -5*c + 2*a + 21, -c = m*a + 3. Let p(g) = 6 + 2*g - 8*g**3 + 4*g**2 + 9*g**c + 0. What is p(-4)?
-2
Let s(h) = -21 + 8*h + 38 - 6*h. Let m be s(-9). Let w(t) = -6*t**2 - 2*t + 7. Let z(c) = 3*c**2 + c - 3. Let r(f) = -3*w(f) - 7*z(f). Determine r(m).
-2
Let l(y) = y**3 - 9*y**2 - y - 11. Suppose 215*x - 216*x = -9. Give l(x).
-20
Let t = 93 - 33. Let c = t - 58. Let r(f) = -2*f**3 + 3*f**2. Give r(c).
-4
Let a(l) = -3*l - 4. Let m be (-1 - -2)/(2/12). Let c be 31/6 - 3/18. Suppose m*k - k - c*q = 15, k - 3 = -q. What is a(k)?
-13
Suppose 6*b - 113 = -35. Let j(n) = -12*n - 11*n + b*n. Determine j(1).
-10
Let a(n) = -4*n**2 + 1. Let s = 13 + -24. Let i = s - -13. Give a(i).
-15
Let l = -7 + 4. Let v(h) = -h**3 - 23*h**2 - 22*h - 1. Let x be v(-22). Let k(d) = -1. Let p(o) = o + 8. Let y(n) = x*p(n) - 5*k(n). Determine y(l).
0
Let z(h) = h. Let u be (-4)/(5 + (-78)/18). What is z(u)?
-6
Let p(q) = q - 16. Suppose 0 = 182*g - 175*g + 98. What is p(g)?
-30
Let o be (-8)/(3 - (-1 + 6)). Let c(v) be the third derivative of -v**5/60 + 5*v**4/24 + 5*v**2. Calculate c(o).
4
Let o(f) = 7*f**3 - f**2 + f - 1. Suppose -9 + 5 = -j. Suppose 17*d = 13*d + j. Give o(d).
6
Let n be (-3 - 3)/(-2) - 0/3. Let w(g) = g**3 - 19*g - g**2 + 20*g - 2*g**2. Calculate w(n).
3
Let n(f) = f**2 - 6*f - 1. Let d be (3/2)/((-126)/24 + 6). Let y be 152/26 + ((-16)/(-52))/d. Give n(y).
-1
Let a = 38 + -30. Let v(b) = a - 12*b + 2 + 11*b + 2*b. What is v(-8)?
2
Suppose 238*q - 12 = 236*q. Let f(j) = j - 10. What is f(q)?
-4
Let o(k) = 3*k**3 + 9*k**2 + 13*k - 23. Let j(h) = -2*h**3 - 4*h**2 - 7*h + 12. Let i(n) = -5*j(n) - 3*o(n). Calculate i(7).
-19
Let q be (-27)/(-3) - (4 + -7). Let b = q - 8. Let t(x) = -6*x + 3 - x**3 + 5*x + b*x**2 - 2*x. Determine t(3).
3
Let b = 644 - 656. Let z(t) = 2*t**2 + 25*t + 11. What is z(b)?
-1
Let d(l) = 2*l + 6. Let u be 7 + 2/(6 - 2)*0. What is d(u)?
20
Let z(i) = -2*i**2 + 2*i**2 - i + 2*i**2 - i - i**3. Let f = 4 - 7. Let q = -1 - f. Calculate z(q).
-4
Suppose 0 = -w - 6*w + 63. Let q be -4 - w/(9/4). Let i(j) = -j - 9. Determine i(q).
-1
Suppose -9*x = -8*x - 11. Let o = x - 5. Let u(h) = h**3 - 7*h**2 + 5*h + 3. What is u(o)?
-3
Let t(o) be the third derivative of o**4/24 - 4*o**3/3 - 19*o**2. Let p(g) = 5*g - 33. Let r(m) = 2*p(m) - 9*t(m). Calculate r(-5).
1
Let q(o) = -o**3 + 12*o**2 - 9*o + 8. Let r be q(11). Suppose 4*a + r = 9*a. Let v(u) = -u**3 + 5*u**2 + 6*u - 3. Give v(a).
-3
Let y = 36 + -31. Let q(f) = 1 + 3*f**2 - 6*f**2 - f - f + y*f. Determine q(3).
-17
Let f(q) = q + 7. Let c(y) = -10*y + 183. Let m be c(19). Determine f(m).
0
Let o(s) = -s + 2. Let i(g) be the second derivative of 3/2*g**2 - 9*g + 0 - 1/6*g**3. Let w(c) = 2*i(c) - 3*o(c). What is w(-4)?
-4
Let z(m) = m + 4. Suppose 5*a - 2 = -37. Give 